020 (base 3) to base 4
-21201102
Convert -13729 (base 13) to base 3.
-1211220001
11122 (base 4) to base 6
1334
Convert -100111001111 (base 2) to base 4.
-213033
180 (base 16) to base 13
237
Convert -431 (base 9) to base 15.
-187
111101101110000 (base 2) to base 8
75560
5011 (base 13) to base 4
2223313
What is -552 (base 12) in base 13?
-482
What is -725 (base 8) in base 12?
-331
-a7 (base 16) to base 15
-b2
363 (base 9) to base 7
606
What is -3c0 (base 16) in base 10?
-960
Convert -124235 (base 8) to base 13.
-16855
What is -1000212 (base 3) in base 11?
-624
-1334 (base 6) to base 16
-15a
Convert 1102221 (base 4) to base 3.
21020220
Convert -200211 (base 4) to base 15.
-940
11111001010100 (base 2) to base 16
3e54
What is -211220 (base 3) in base 11?
-512
What is -10db (base 15) in base 11?
-2766
What is -2000 (base 5) in base 3?
-100021
1100100101 (base 2) to base 9
1084
Convert -2102100 (base 3) to base 2.
-11011100100
-1253 (base 8) to base 10
-683
What is 33220 (base 4) in base 12?
6b4
What is -122111021 (base 3) in base 8?
-30717
What is -54202 (base 9) in base 8?
-106055
190a7 (base 12) to base 16
8e3f
Convert 397 (base 14) to base 16.
2d1
What is 1832 (base 13) in base 10?
3590
Convert 30433 (base 6) to base 4.
333111
What is -1116 (base 8) in base 2?
-1001001110
221102 (base 3) to base 2
1010101110
Convert -9251 (base 16) to base 6.
-445225
3955 (base 13) to base 16
1ff6
Convert 9a21 (base 14) to base 10.
26685
Convert -ba8 (base 12) to base 7.
-4664
-2582 (base 10) to base 15
-b72
Convert 7737 (base 12) to base 7.
53221
What is -1000 (base 4) in base 6?
-144
996 (base 11) to base 2
10010101010
-3012131 (base 4) to base 12
-7425
-236751 (base 8) to base 3
-11010122021
What is 574a (base 14) in base 16?
3b36
-50 (base 14) to base 6
-154
-3ab1 (base 12) to base 5
-204012
What is 711 (base 14) in base 12?
977
-22431 (base 7) to base 5
-140311
-20b2 (base 12) to base 7
-13316
Convert 613 (base 11) to base 8.
1344
Convert -28b9 (base 12) to base 15.
-1619
-330232 (base 5) to base 12
-6671
Convert 167244 (base 8) to base 13.
21a65
What is f70 (base 16) in base 14?
1624
Convert 29c (base 13) to base 7.
1235
-12326 (base 8) to base 10
-5334
What is -d81c (base 14) in base 5?
-2143031
Convert -2d6 (base 14) to base 11.
-488
-11011011 (base 2) to base 9
-263
-6d6 (base 15) to base 4
-120033
Convert 2451 (base 6) to base 16.
25f
What is 30035 (base 10) in base 4?
13111103
21202 (base 3) to base 6
545
-3525 (base 9) to base 15
-b95
Convert -251 (base 10) to base 3.
-100022
Convert 16676 (base 8) to base 9.
11400
-1d1 (base 14) to base 5
-3004
Convert 12637 (base 9) to base 10.
8539
What is 1110101110111101 (base 2) in base 16?
ebbd
Convert 11204 (base 6) to base 16.
634
What is 1103 (base 9) in base 12?
579
What is 100012021 (base 3) in base 6?
51011
2030 (base 8) to base 11
873
Convert 271 (base 8) to base 11.
159
-a3 (base 11) to base 2
-1110001
Convert 1000003 (base 4) to base 7.
14644
What is -6392 (base 13) in base 4?
-3113300
Convert -313243 (base 6) to base 2.
-110001100011011
What is 42005 (base 7) in base 4?
2200313
Convert -302 (base 9) to base 4.
-3311
What is 101200 (base 3) in base 4?
10200
-1459 (base 10) to base 5
-21314
1424 (base 7) to base 11
467
-1ab (base 16) to base 13
-26b
What is 44645 (base 10) in base 3?
2021020112
13635 (base 7) to base 4
322212
Convert 457 (base 9) to base 14.
1cc
What is 100010001111 (base 2) in base 12?
1327
b (base 14) to base 5
21
-22343 (base 6) to base 15
-e09
What is 14031 (base 5) in base 7?
3220
Convert -9b95 (base 12) to base 3.
-212122212
What is -112 (base 12) in base 16?
-9e
What is -101011 (base 2) in base 11?
-3a
What is 295 (base 12) in base 2?
110010001
-3303 (base 5) to base 3
-121210
Convert 20047 (base 12) to base 8.
121067
-943 (base 10) to base 11
-788
What is 35216 (base 8) in base 4?
3222032
Convert 47 (base 9) to base 2.
101011
-102023 (base 4) to base 14
-5d1
Convert -854 (base 11) to base 7.
-2665
What is -1a7b (base 16) in base 11?
-5103
-25053 (base 6) to base 4
-321321
What is -209 (base 14) in base 2?
-110010001
-1100100001010000 (base 2) to base 8
-144120
What is 11100 (base 2) in base 9?
31
Convert -2546 (base 9) to base 13.
-b37
936 (base 13) to base 5
22231
What is -1f8e (base 16) in base 14?
-2d30
1200212 (base 3) to base 11
a26
What is -143b (base 15) in base 10?
-4331
110030 (base 4) to base 11
a75
-11204 (base 5) to base 2
-1100100100
Convert 572 (base 12) to base 11.
673
Convert 47b (base 14) to base 5.
12033
Convert -543 (base 13) to base 10.
-900
-200012 (base 3) to base 6
-2135
What is 45d7 (base 16) in base 11?
12484
What is -1220301 (base 4) in base 9?
-10170
Convert -11100 (base 4) to base 8.
-520
-304 (base 11) to base 13
-223
What is 1101011 (base 2) in base 7?
212
What is -14315 (base 10) in base 9?
-21565
Convert -2212 (base 13) to base 3.
-20111211
-ee8 (base 15) to base 4
-310220
What is -21504 (base 9) in base 4?
-3132310
What is 1011101101000 (base 2) in base 4?
1131220
Convert 1388 (base 13) to base 9.
3768
5323 (base 10) to base 9
7264
What is -19bb9 (base 12) in base 16?
-947d
3220 (base 5) to base 4
12303
What is 1b14 (base 12) in base 13?
1690
25 (base 16) to base 6
101
Convert 2918 (base 11) to base 14.
1534
What is -32310 (base 6) in base 13?
-2031
212203 (base 5) to base 10
7178
Convert 1111000000101 (base 2) to base 6.
55325
-3322221 (base 4) to base 16
-3ea9
-320 (base 4) to base 7
-110
15bc (base 16) to base 14
2056
16c5 (base 13) to base 5
101442
Convert b97b (base 13) to base 12.
12b12
What is 102020 (base 3) in base 13?
1a4
What is 401454 (base 7) in base 12?
332a6
Convert -16686 (base 9) to base 13.
-5307
What is -7139 (base 13) in base 11?
-10799
Convert 240011 (base 5) to base 15.
28db
What is 5863 (base 14) in base 13?
6cc9
111231 (base 4) to base 14
713
-11242 (base 5) to base 12
-586
-1530 (base 9) to base 14
-5cd
What is 300 (base 4) in base 16?
30
Convert 251202 (base 6) to base 2.
101011100110010
Convert -25979 (base 12) to base 8.
-144455
Convert 113 (base 14) to base 5.
1323
2500 (base 11) to base 16
cc3
-335 (base 11) to base 15
-1bb
What is -100111101000 (base 2) in base 8?
-4750
Convert 604 (base 7) to base 16.
12a
Convert 314 (base 11) to base 14.
1d0
Convert 5b7 (base 12) to base 13.
511
Convert 1939 (base 10) to base 6.
12551
a18 (base 16) to base 12
15b4
12333 (base 4) to base 2
110111111
Convert 1484 (base 9) to base 2.
10001101001
-36737 (base 11) to base 13
-1b053
Convert 165 (base 12) to base 2.
11011101
Convert 22010 (base 3) to base 6.
1003
What is -7005 (base 11) in base 8?
-22152
What is -104033 (base 7) in base 12?
-a64b
What is 8756 (base 9) in base 15?
1da0
-10121120 (base 3) to base 12
-1636
What is -2e1 (base 16) in base 7?
-2102
What is -8f2 (base 16) in base 5?
-33130
What is -1100001 (base 2) in base 4?
-1201
What is -1027 (base 8) in base 2?
-1000010111
-592 (base 14) to base 9
-1461
What is -4600 (base 9) in base 11?
-2613
1905 (base 13) to base 16
e8b
What is 1020220201 (base 3) in base 5?
1242344
Convert 5767 (base 12) to base 4.
2113333
-22221221 (base 3) to base 12
-3944
Convert -436 (base 8) to base 10.
-286
What is 26012 (base 10) in base 14?
96a0
Convert -10110010011111 (base 2) to base 10.
-11423
Convert -399 (base 15) to base 3.
-1010100
3507 (base 8) to base 9
2500
3320 (base 6) to base 9
1043
2726 (base 8) to base 16
5d6
What is -11110011000 (base 2) in base 16?
-798
Convert -4360 (base 7) to base 12.
-aa1
-1001010001 (base 2) to base 7
-1505
182b3 (base 15) to base 14
2072b
Convert 171175 (base 8) to base 3.
10011011011
43750 (base 9) to base 8
70563
1150 (base 7) to base 16
1ab
6b5 (base 12) to base 13
5c0
Convert 12001 (base 5) to base 16.
36c
Convert -28b (base 16) to base 2.
-1010001011
Convert 10000101011111 (base 2) to base 5.
233133
1365 (base 12) to base 8
4275
17a6 (base 13) to base 2
110110111100
Convert 42411 (base 5) to base 3.
10220210
43420 (base 6) to base 15
1b93
Convert -2311 (base 6) to base 12.
-397
-122110 (base 3) to base 8
-727
Convert 102322 (base 4) to base 10.
1210
Convert -1228 (base 15) to base 4.
-330113
-1301 (base 8) to base 15
-320
-dd (base 16) to base 15
-eb
What is 101212 (base 3) in base 12?
205
33d (base 16) to base 4
30331
Convert -2558 (base 15) to 